{"id":62,"date":"2020-11-24T20:07:27","date_gmt":"2020-11-24T19:07:27","guid":{"rendered":"http:\/\/fmhi.de\/wordpress\/?page_id=62"},"modified":"2025-09-21T14:26:41","modified_gmt":"2025-09-21T12:26:41","slug":"freimaurer-werden","status":"publish","type":"page","link":"https:\/\/fmhi.de\/wordpress\/freimaurer-werden\/","title":{"rendered":"Freimaurer werden"},"content":{"rendered":"\n<p>Es viele gute Gr\u00fcnde, Freimaurer werden zu wollen. Aber auch manche schlechte.<br>Manche Menschen sind durch die im Internet kursierenden Verschw\u00f6rungstheorien neugierig geworden. Oder sie haben \u00fcber die Romane des Bestsellerautors Dan Brown von der Maurerei erfahren und erhoffen sich Zugang zu omin\u00f6sen Geheimnissen. Andere erwarten Gesch\u00e4ftskontakte in einem Kreise einflussreicher Menschen.&nbsp;<br>Wer mit solchen Erwartungen kommt, wird mit gro\u00dfer Wahrscheinlichkeit entt\u00e4uscht werden. Wir verf\u00fcgen \u00fcber kein geheimes Wissen &#8211; soweit nicht pers\u00f6nliche Erkenntnisse, die wir in unserer Gemeinschaft erwerben, solches Wissen ist.&nbsp;<br>Wir sind auch nicht einflussreich und erheben keinen Anspruch, andere zu lenken \u2013 es sei denn durch vorbildhaftes Tun und Handeln. Und wir sind nicht reich \u2013 es sei denn an Erfahrungen, die wir gerne mit Freunden teilen.<\/p>\n\n\n\n<p>Die Mitgliedschaft in einer Freimaurerloge entspricht einer normalen Vereinsmitgliedschaft. Es wird ein j\u00e4hrlicher Mitgliedsbeitrag erhoben. Hinzu kommen einmalige Kosten f\u00fcr die freimaurerische Bekleidung (schwarzer Anzug, Krawatte, Hut) sowie eine Aufnahmegeb\u00fchr.<\/p>\n\n\n\n<p>Versammlungen finden in der Regel einmal w\u00f6chentlich, in unserer Loge jeweils donnerstags abends, gelegentlich auch am Wochenende statt.&nbsp; Die Versammlungen sind nicht \u00f6ffentlich, eine Teilnahme ist nur Mitgliedern oder auf Einladung bei den G\u00e4steveranstaltungen m\u00f6glich.<\/p>\n\n\n\n<p>Termine von G\u00e4steveranstaltungen und weitere Informationen finden Sie auch im Internet unter  <a href=\"https:\/\/fmhi.de\/wordpress\/unser-arbeitsplan\/\">&#8222;Arbeitsplan&#8220;<\/a>  <\/p>\n\n\n\n<h2 class=\"wp-block-heading\">Erg\u00e4nzende Informationen<\/h2>\n\n\n\n<p>Wenn Sie mehr \u00fcber die Freimaurerei im Allgemeinen oder \u00fcber Freimaurer in Hildesheim erfahren wollen, laden wir Sie gern zu einer unserer G\u00e4steveranstaltungen ein. &nbsp;Wir freuen uns \u00fcber Ihre Kontaktaufnahme.<br>E-Mail:<a href=\"mailto:sek@freimaurer-hildesheim.de\" data-type=\"mailto\" data-id=\"mailto:sek@freimaurer-hildesheim.de\">info(at)freimaurer-hildesheim.de<\/a><\/p>\n\n\n\n<p><a href=\"https:\/\/fmhi.de\/wordpress\/wp-content\/uploads\/2025\/09\/flyer_FM_2025.pdf\"><strong>Hier<\/strong><\/a> k\u00f6nnen Sie unseren aktuellen Informationsflyer downloaden. <\/p>\n\n\n\n<p><\/p>\n\n\n\n<p><\/p>\n\n\n\n<p><\/p>\n\n\n\n<p><\/p>\n","protected":false},"excerpt":{"rendered":"<p>Es viele gute Gr\u00fcnde, Freimaurer werden zu wollen. Aber auch manche schlechte.Manche Menschen sind durch die im Internet kursierenden Verschw\u00f6rungstheorien neugierig geworden. Oder sie haben \u00fcber die Romane des Bestsellerautors Dan Brown von der Maurerei erfahren und erhoffen sich Zugang zu omin\u00f6sen Geheimnissen. Andere erwarten Gesch\u00e4ftskontakte in einem Kreise einflussreicher Menschen.&nbsp;Wer mit solchen Erwartungen kommt, [&hellip;]<\/p>\n","protected":false},"author":1,"featured_media":0,"parent":0,"menu_order":0,"comment_status":"closed","ping_status":"closed","template":"","meta":{"footnotes":""},"class_list":["post-62","page","type-page","status-publish","hentry"],"_links":{"self":[{"href":"https:\/\/fmhi.de\/wordpress\/wp-json\/wp\/v2\/pages\/62","targetHints":{"allow":["GET"]}}],"collection":[{"href":"https:\/\/fmhi.de\/wordpress\/wp-json\/wp\/v2\/pages"}],"about":[{"href":"https:\/\/fmhi.de\/wordpress\/wp-json\/wp\/v2\/types\/page"}],"author":[{"embeddable":true,"href":"https:\/\/fmhi.de\/wordpress\/wp-json\/wp\/v2\/users\/1"}],"replies":[{"embeddable":true,"href":"https:\/\/fmhi.de\/wordpress\/wp-json\/wp\/v2\/comments?post=62"}],"version-history":[{"count":9,"href":"https:\/\/fmhi.de\/wordpress\/wp-json\/wp\/v2\/pages\/62\/revisions"}],"predecessor-version":[{"id":382,"href":"https:\/\/fmhi.de\/wordpress\/wp-json\/wp\/v2\/pages\/62\/revisions\/382"}],"wp:attachment":[{"href":"https:\/\/fmhi.de\/wordpress\/wp-json\/wp\/v2\/media?parent=62"}],"curies":[{"name":"wp","href":"https:\/\/api.w.org\/{rel}","templated":true}]}}